en c(1) is divided by 12?
11
Suppose 1 = -4*r - 7. Let m be (-1 + 1)*1/r. Suppose -3*q + 2*b + 74 = 0, 5*q + m*b - b - 128 = 0. What is the remainder when q is divided by 9?
8
Let y be ((-18)/15)/(3/(-15)). Let s be (-4)/(2 - y - -2). Suppose 13 = k + s. Calculate the remainder when k is divided by 4.
3
Let h(k) = 2*k - 5. Calculate the remainder when h(11) is divided by 6.
5
Let q be (-10)/(-25) + (-23)/(-5). Suppose 0*f - q = -f. What is the remainder when 12 is divided by f?
2
Suppose -4*l + 2*y + 14 = 0, 5*l - 4*y = 3 + 10. Suppose l*o = o + 32. What is the remainder when o is divided by 3?
2
Suppose 2*i - 4*i = 2*m + 16, -3*i + 2*m = 44. Let b = 24 + i. Suppose c - 2*c + 22 = 0. Calculate the remainder when c is divided by b.
10
Suppose 0 = -4*b + 4*g + 12, -3*b + 0 = -4*g - 9. Suppose u - 2 - 1 = 0. What is the remainder when u is divided by b?
0
Suppose -5 = 5*b + 195. Let m = -29 - b. Calculate the remainder when (m + 3/(-3))/1 is divided by 4.
2
Let i(r) = 2*r**2 - 8*r + 4. Let g be i(7). Let c = g - 28. Calculate the remainder when c is divided by 10.
8
Let c(q) be the third derivative of -q**6/120 + 7*q**5/60 + q**4/8 - 3*q**3/2 - q**2. Suppose 3*a - 9 = 12. What is the remainder when 34 is divided by c(a)?
10
Let w(f) = 18*f - 9. What is the remainder when w(1) is divided by (-2)/(-8) + 30/8?
1
Let v = -3 - -4. Suppose 4 = j - 1. Calculate the remainder when 17 is divided by (j + 2 + -1)*v.
5
Let q(t) = t + 11. Suppose -7 = -3*l + 5*g, -6*l + 49 = -l + g. Calculate the remainder when l is divided by q(-5).
3
Suppose 5*s - 170 - 5 = 0. What is the remainder when 102 is divided by s?
32
Let m = 0 + 8. Let u = 21 + -14. What is the remainder when 2/u - (-304)/14 is divided by m?
6
Let a = 170 - 158. Suppose -4*j = -2*j + i - 90, -j + 43 = i. What is the remainder when j is divided by a?
11
Suppose -3*m = -2*p + 29, 0 = 5*p - m - 15 - 51. Let w = -21 + 44. What is the remainder when w is divided by p?
10
Suppose 0 = 5*x - 6 - 24. Let k(v) = v**3 + 9*v**2 - 3*v - 18. Calculate the remainder when k(-9) is divided by x.
3
Let v = 3 - -236. Suppose -5*b - 5*p = -410, 0 = 3*b - 8*p + 4*p - v. What is the remainder when b/4 - 1/4 is divided by 11?
9
Let v be 29/6 - 1/(-6). Suppose 44 = v*b + 4. What is the remainder when b is divided by 5?
3
Let f = -3 - -5. Let o(q) = f + 0 - 1 + 2*q. What is the remainder when 37 is divided by o(9)?
18
Suppose -6 = -r + 2. Suppose 5*a + 3*f + 2*f = 185, 0 = 3*a - f - 131. Let i = a - r. Calculate the remainder when i is divided by 18.
16
Suppose g + 5*o - 10 = 0, -3*o + 8*o = 5*g + 10. Suppose g = 2*r + 22 - 60. Let k = r - 9. What is the remainder when 19 is divided by k?
9
Suppose 54*r - 6 = 53*r. Suppose 3*o + 90 = 3*s, -s + 32 = -2*o - 0*o. Calculate the remainder when s is divided by r.
4
Let w(t) = -t**3 - t**2 - 2*t + 3. Let q be w(0). Suppose 2*z + 0 - 8 = 0, -q*c + 64 = z. What is the remainder when 78 is divided by c?
18
Let t(l) = 3*l - 16. What is the remainder when 51 is divided by t(14)?
25
Let m be (-4 - (-9)/3) + -10. Let p = m - -17. What is the remainder when 9 is divided by p?
3
Let x = 22 - -27. Suppose 0 = 5*f - 2*r - 0*r - 71, -3*r = 3*f - 30. What is the remainder when x is divided by f?
10
Let c(g) = -33*g - 1. Let t(m) = -33*m - 1. Let x(s) = 3*c(s) - 4*t(s). Let n = 30 - 18. What is the remainder when x(1) is divided by n?
10
Suppose -6 = -3*x, -2*x + 48 = -5*g + 14. Let k(t) = t**2 + 8*t + 5. Let f be k(g). Calculate the remainder when 12 is divided by (f/(-3))/(1/3).
5
Let b(y) be the third derivative of -y**4/24 + y**3/6 + 4*y**2. Let k(i) = i. Let w(p) = b(p) + 4*k(p). Calculate the remainder when w(4) is divided by 7.
6
Suppose 16 = -2*x + 6*x. Suppose -l = -3*l + 4, -2*s + x = -5*l. Let r(n) = 14*n**2 - 1. What is the remainder when r(1) is divided by s?
6
Let g(l) = -l**3 - 5*l**2 - 4*l + 3. Let q(b) = -3*b + 13. Calculate the remainder when g(-5) is divided by q(0).
10
Let v be 2/(-6)*2*3. Let h be (4 + v)/((-4)/(-10)). Suppose -4*a = 4*k, -h*a + 5*k = 2*k - 16. What is the remainder when 4 is divided by a?
0
Let w = -17 + 10. Let j = w + 17. Calculate the remainder when (j/(-25))/(1/(-65)) is divided by 14.
12
Let r be (-6 + 2)*(-2)/1. Let u be (-2)/1*(-84)/r. Suppose -2*m - u = -65. Calculate the remainder when m is divided by 12.
10
Let t(i) = -i**3 + 9*i**2 + 5*i - 9. Let z = -8 + 17. Calculate the remainder when t(z) is divided by 13.
10
Let p = 19 + -24. Let d = 7 + p. Calculate the remainder when d is divided by 1.
0
Let i(w) = -5*w + 1. Calculate the remainder when i(-1) is divided by ((-24)/18)/((-1)/3).
2
Suppose -4*h + 61 = r, 3*h - 2*r = 3*r + 40. Calculate the remainder when 59 is divided by h.
14
Let v = 126 + -66. Let t(o) = -o**3 - o**2 - 4*o + 1. What is the remainder when v is divided by t(-3)?
29
Let u = 25 + 0. Calculate the remainder when u is divided by 9.
7
Let b = -15 - -26. Calculate the remainder when b is divided by 3.
2
Let n be 4/16 + 126/8. Suppose -n = 2*w + 10. Let l = w + 23. What is the remainder when 28 is divided by l?
8
Suppose -u + 2*u - 3 = 0. Suppose -u*h + 2*b + 139 = -3*b, 5*b + 33 = h. Calculate the remainder when h is divided by 18.
17
Suppose 4*i + 6 = -6. Let a be (2 + (-117)/i)*2. Suppose -5*n = -0*n - 10, 4*n = 5*q - a. Calculate the remainder when 52 is divided by q.
16
Let z(m) = -8*m - 3. Calculate the remainder when z(-4) is divided by ((-45)/12)/((-3)/8).
9
Let y(d) = 12*d**2 + 10*d + 3*d**3 - d**3 - 3*d**3 - 17 + 6*d. Calculate the remainder when 64 is divided by y(13).
20
Let w(b) = -11*b + 3. Let g be w(-3). Suppose g = 4*n - 2*r - 8, 5*r - 20 = 0. What is the remainder when n is divided by 7?
6
Let p(x) = -3*x + 1. Let j be p(-3). What is the remainder when 55 is divided by 20/j + 6*2?
13
Let h be 5/(5/(-2)) - -4. Suppose 6*i - 2*i = h*k + 34, 0 = i + k - 16. Calculate the remainder when 30 is divided by i.
8
Suppose -c - 4*c - 13 = -b, 3*b - 20 = -4*c. Calculate the remainder when 5 is divided by (-2)/b + 26/8.
2
Let r(u) = -u**3 - 3*u**2 - 5*u - 1. Suppose -2*v = v + 12. Let p(h) = h - 4. What is the remainder when r(v) is divided by p(23)?
16
Let j = -156 - -169. Calculate the remainder when 73 is divided by j.
8
Let f(p) = p**2 - 4*p. Suppose 3*q - 4*q + 18 = -5*c, -3*q - c = -102. Suppose 5*h = 3*n - n + q, n + 27 = 4*h. What is the remainder when f(6) is divided by h?
5
Let p be (6/(-4))/3*2. Calculate the remainder when 1 - (-1 + 1)*p is divided by 1.
0
Let h(m) = m + 1 - 5 + 4*m. What is the remainder when 29 is divided by h(3)?
7
Suppose 0 = 4*z - 9*z. Suppose -3*f - 2*f + 10 = z. Calculate the remainder when 5 is divided by f.
1
Suppose w - 48 = -3*z - 11, 81 = 4*z - 5*w. Let g be (-115)/4*4*1. Let p = -75 - g. Calculate the remainder when p is divided by z.
12
Let k be ((-42)/(-9))/(2/(-42)). What is the remainder when 1/(-2 + (-198)/k) is divided by (-5 + 56)*2/6?
15
Let x(i) = 25*i**3 - i. Let b = 6 + -8. Calculate the remainder when x(1) is divided by b/((-6)/(-3))*-13.
11
Suppose 190 = -2*d + 7*d. Suppose -2*c = -4*c + 6. Suppose -29 = -c*l - 0*l - 2*v, 3*v = 4*l - 67. Calculate the remainder when d is divided by l.
12
Let n = -10 + 29. Calculate the remainder when n is divided by (-3)/3 - (-11 - 0).
9
Suppose -c + 14 = 5*z, -4*z + 4 = -0*c - c. Suppose z*p = 2*o - 40, -o + 3*p + 25 = -3. Calculate the remainder when 47 is divided by o.
15
Suppose -2*t - 2 + 20 = 0. Suppose 0*u = 3*u + 2*j - t, -15 = -5*u - 3*j. Suppose -u*k = k - 4. Calculate the remainder when 2 is divided by k.
0
Let b be ((-3)/1)/(-1) - 5. What is the remainder when (-392)/(-16) + (-1)/b is divided by 9?
7
Suppose p + 504 = 9*p. Let j = -35 + 51. What is the remainder when p is divided by j?
15
Let h = 39 - -33. Calculate the remainder when h is divided by 15.
12
Let q = -7 + 32. Suppose -3*r + 101 = -190. What is the remainder when r is divided by q?
22
Suppose 0 = f + 3*f + 20. Let k(p) = p**3 + 6*p**2 - p - 3. Calculate the remainder when k(f) is divided by 7.
6
Let l(w) = -w. Let t be l(2). Let y be (-5)/t + (-9)/6. Calculate the remainder when (y - 1) + 4*2 is divided by 3.
2
Suppose 0 = 3*m - 5*m + 22. What is the remainder when m is divided by 6?
5
Let o be -5*-2*(-3)/(-15). Suppose 0*x + x - o = 0. Suppose -x*v + 9 = -